{"id":71,"date":"2018-12-07T15:54:32","date_gmt":"2018-12-07T14:54:32","guid":{"rendered":"http:\/\/www.liederkranz-freudental.de\/wp\/?page_id=71"},"modified":"2019-01-11T18:47:48","modified_gmt":"2019-01-11T17:47:48","slug":"satzung","status":"publish","type":"page","link":"https:\/\/www.liederkranz-freudental.de\/wp\/unser-verein\/satzung\/","title":{"rendered":"Satzung"},"content":{"rendered":"<p>Grundlagen der Vereinsstruktur, Verantwortlichkeiten\u00a0etc.\u00a0sind in\u00a0der Satzung des Vereins festgehalten :<\/p>\n<p><img loading=\"lazy\" decoding=\"async\" class=\"alignnone size-full wp-image-160\" src=\"https:\/\/www.liederkranz-freudental.de\/wp\/wp-content\/uploads\/2019\/01\/Pdfl.jpg\" alt=\"\" width=\"32\" height=\"32\" \/>\u00a0 <a href=\"http:\/\/www.liederkranz-freudental.de\/wp\/verein\/SatzungdesLiederkranzFreudental.pdf\" target=\"_blank\" rel=\"noreferrer noopener\">Satzung<\/a><\/p>\n<p><img loading=\"lazy\" decoding=\"async\" class=\"alignnone size-full wp-image-160\" src=\"https:\/\/www.liederkranz-freudental.de\/wp\/wp-content\/uploads\/2019\/01\/Pdfl.jpg\" alt=\"\" width=\"32\" height=\"32\" \/>\u00a0 <a href=\"http:\/\/www.liederkranz-freudental.de\/wp\/verein\/Ehrenordnung.pdf\" target=\"_blank\" rel=\"noreferrer noopener\">Ehrenordnung<\/a><\/p>\n<hr \/>\n<p>Als Ehrenmitglieder wurden ernannt:<\/p>\n<p><strong>2011<\/strong><\/p>\n<p>Gretel und Dieter R\u00f6mer, Michael Schweizer und Klaus Tilk<\/p>\n<p><strong>2012<\/strong> <\/p>\n<p>Elisabeth Tilk, Wilma S\u00fclzle, Renate Hoffmeyer-Zlotnik und Gerd Hoffmeyer.<\/p>\n<p><strong>2014<\/strong><\/p>\n<p>Anita Hund und Adolf D\u00fcrr<\/p>\n","protected":false},"excerpt":{"rendered":"<p>Grundlagen der Vereinsstruktur, Verantwortlichkeiten\u00a0etc.\u00a0sind in\u00a0der Satzung des Vereins festgehalten : \u00a0 Satzung \u00a0 Ehrenordnung Als Ehrenmitglieder wurden ernannt: 2011 Gretel und Dieter R\u00f6mer, Michael Schweizer und Klaus Tilk 2012 Elisabeth Tilk, Wilma S\u00fclzle, Renate Hoffmeyer-Zlotnik und Gerd Hoffmeyer. 2014 Anita Hund und Adolf D\u00fcrr<\/p>\n","protected":false},"author":1,"featured_media":0,"parent":63,"menu_order":0,"comment_status":"closed","ping_status":"closed","template":"","meta":{"footnotes":""},"class_list":["post-71","page","type-page","status-publish","hentry"],"_links":{"self":[{"href":"https:\/\/www.liederkranz-freudental.de\/wp\/wp-json\/wp\/v2\/pages\/71","targetHints":{"allow":["GET"]}}],"collection":[{"href":"https:\/\/www.liederkranz-freudental.de\/wp\/wp-json\/wp\/v2\/pages"}],"about":[{"href":"https:\/\/www.liederkranz-freudental.de\/wp\/wp-json\/wp\/v2\/types\/page"}],"author":[{"embeddable":true,"href":"https:\/\/www.liederkranz-freudental.de\/wp\/wp-json\/wp\/v2\/users\/1"}],"replies":[{"embeddable":true,"href":"https:\/\/www.liederkranz-freudental.de\/wp\/wp-json\/wp\/v2\/comments?post=71"}],"version-history":[{"count":3,"href":"https:\/\/www.liederkranz-freudental.de\/wp\/wp-json\/wp\/v2\/pages\/71\/revisions"}],"predecessor-version":[{"id":172,"href":"https:\/\/www.liederkranz-freudental.de\/wp\/wp-json\/wp\/v2\/pages\/71\/revisions\/172"}],"up":[{"embeddable":true,"href":"https:\/\/www.liederkranz-freudental.de\/wp\/wp-json\/wp\/v2\/pages\/63"}],"wp:attachment":[{"href":"https:\/\/www.liederkranz-freudental.de\/wp\/wp-json\/wp\/v2\/media?parent=71"}],"curies":[{"name":"wp","href":"https:\/\/api.w.org\/{rel}","templated":true}]}}

<p>Grundlagen der Vereinsstruktur, Verantwortlichkeiten etc. sind in der Satzung des Vereins festgehalten :</p>
<p><img loading="lazy" decoding="async" class="alignnone size-full wp-image-160" src="https://www.liederkranz-freudental.de/wp/wp-content/uploads/2019/01/Pdfl.jpg" alt="" width="32" height="32" />  <a href="http://www.liederkranz-freudental.de/wp/verein/SatzungdesLiederkranzFreudental.pdf" target="_blank" rel="noreferrer noopener">Satzung</a></p>
<p><img loading="lazy" decoding="async" class="alignnone size-full wp-image-160" src="https://www.liederkranz-freudental.de/wp/wp-content/uploads/2019/01/Pdfl.jpg" alt="" width="32" height="32" />  <a href="http://www.liederkranz-freudental.de/wp/verein/Ehrenordnung.pdf" target="_blank" rel="noreferrer noopener">Ehrenordnung</a></p>
<hr />
<p>Als Ehrenmitglieder wurden ernannt:</p>
<p><strong>2011</strong></p>
<p>Gretel und Dieter Römer, Michael Schweizer und Klaus Tilk</p>
<p><strong>2012</strong> </p>
<p>Elisabeth Tilk, Wilma Sülzle, Renate Hoffmeyer-Zlotnik und Gerd Hoffmeyer.</p>
<p><strong>2014</strong></p>
<p>Anita Hund und Adolf Dürr</p>

<p>Grundlagen der Vereinsstruktur, Verantwortlichkeiten etc. sind in der Satzung des Vereins festgehalten :   Satzung   Ehrenordnung Als Ehrenmitglieder wurden ernannt: 2011 Gretel und Dieter Römer, Michael Schweizer und Klaus Tilk 2012 Elisabeth Tilk, Wilma Sülzle, Renate Hoffmeyer-Zlotnik und Gerd Hoffmeyer. 2014 Anita Hund und Adolf Dürr</p>
